{"id":19,"date":"2012-05-10T11:07:18","date_gmt":"2012-05-10T11:07:18","guid":{"rendered":"http:\/\/ccoo.zeus.umh.es\/tu-sindicato-3\/tus-representantes\/pas\/"},"modified":"2023-05-02T09:49:33","modified_gmt":"2023-05-02T07:49:33","slug":"pas","status":"publish","type":"page","link":"https:\/\/ccoo.umh.es\/en\/inf-laboral\/pas\/pas\/","title":{"rendered":"<span lang=\"es\">(Espa\u00f1ol) Junta de Pas<\/span>"},"content":{"rendered":"<p>\u00a0\u00a0<\/p>\n<p><span style=\"text-decoration: underline\">Qu\u00e9 es la Junta de PAS?<\/span><\/p>\n<p style=\"text-align: justify\"><a href=\"https:\/\/ccoo.umh.es\/files\/2012\/05\/reunion_2.png\"><img loading=\"lazy\" class=\"alignleft size-full wp-image-35\" title=\"reunion_2\" alt=\"\" src=\"https:\/\/ccoo.umh.es\/files\/2012\/05\/reunion_2.png\" width=\"132\" height=\"148\" \/><\/a>\u00a0Es el \u00f3rgano de representaci\u00f3n colectiva del Personal Funcionario de Administraci\u00f3n y Servicios de la Universidad Miguel Hern\u00e1ndez, cuyo principal objetivo es la defensa de los intereses sociolaborales de dicho personal.<\/p>\n<p style=\"text-align: justify\">\u00a0Pese a sus conexiones y relaciones con las Secciones Sindicales, la Junta es un \u00f3rgano de representaci\u00f3n unitaria (representa la totalidad del personal) que no forma parte de la estructura interna de los Sindicatos.<\/p>\n<p style=\"text-align: justify\">Un claro ejemplo de esto lo constituye el hecho de que los miembros de la Junta pueden desempe\u00f1ar su mandato sin necesidad de estar afiliados al Sindicato que los presenta en su lista.<\/p>\n<p>La actual Junta de Pas, esta formada por 13 miembros elegidos en las elecciones sindicales que tienen lugar cada cuatro a\u00f1os.<\/p>\n<p style=\"padding-left: 30px\">Actualmente CC.OO. cuenta con\u00a04 representantes:<\/p>\n<p>&nbsp;<\/p>\n<p style=\"padding-left: 30px\"><a href=\"https:\/\/ccoo.umh.es\/files\/2012\/05\/junta_pas14.jpg\"><img loading=\"lazy\" class=\"aligncenter size-full wp-image-568\" alt=\"junta_pas14\" src=\"https:\/\/ccoo.umh.es\/files\/2012\/05\/junta_pas14.jpg\" width=\"679\" height=\"219\" \/><\/a><\/p>\n<p><\/p>","protected":false},"excerpt":{"rendered":"<p>\u00a0\u00a0<br \/>\nQu\u00e9 es la Junta de PAS?<br \/>\n\u00a0Es el \u00f3rgano de representaci\u00f3n colectiva del Personal Funcionario de Administraci\u00f3n y Servicios de la Universidad Miguel Hern\u00e1ndez, cuyo principal objetivo es la defensa de los intereses sociolaborales de dicho personal.<br \/>\n\u00a0Pese a sus conexiones y relaciones con las Secciones Sindicales, la Junta es un \u00f3rgano de representaci\u00f3n unitaria (representa la [&#8230;]<\/p>\n","protected":false},"author":1417,"featured_media":0,"parent":7,"menu_order":0,"comment_status":"closed","ping_status":"open","template":"","meta":{"_links_to":"","_links_to_target":""},"_links":{"self":[{"href":"https:\/\/ccoo.umh.es\/en\/wp-json\/wp\/v2\/pages\/19"}],"collection":[{"href":"https:\/\/ccoo.umh.es\/en\/wp-json\/wp\/v2\/pages"}],"about":[{"href":"https:\/\/ccoo.umh.es\/en\/wp-json\/wp\/v2\/types\/page"}],"author":[{"embeddable":true,"href":"https:\/\/ccoo.umh.es\/en\/wp-json\/wp\/v2\/users\/1417"}],"replies":[{"embeddable":true,"href":"https:\/\/ccoo.umh.es\/en\/wp-json\/wp\/v2\/comments?post=19"}],"version-history":[{"count":0,"href":"https:\/\/ccoo.umh.es\/en\/wp-json\/wp\/v2\/pages\/19\/revisions"}],"up":[{"embeddable":true,"href":"https:\/\/ccoo.umh.es\/en\/wp-json\/wp\/v2\/pages\/7"}],"wp:attachment":[{"href":"https:\/\/ccoo.umh.es\/en\/wp-json\/wp\/v2\/media?parent=19"}],"curies":[{"name":"wp","href":"https:\/\/api.w.org\/{rel}","templated":true}]}}

<span lang="es">(Español) Junta de Pas</span>

<p>  </p>
<p><span style="text-decoration: underline">Qué es la Junta de PAS?</span></p>
<p style="text-align: justify"><a href="https://ccoo.umh.es/files/2012/05/reunion_2.png"><img loading="lazy" class="alignleft size-full wp-image-35" title="reunion_2" alt="" src="https://ccoo.umh.es/files/2012/05/reunion_2.png" width="132" height="148" /></a> Es el órgano de representación colectiva del Personal Funcionario de Administración y Servicios de la Universidad Miguel Hernández, cuyo principal objetivo es la defensa de los intereses sociolaborales de dicho personal.</p>
<p style="text-align: justify"> Pese a sus conexiones y relaciones con las Secciones Sindicales, la Junta es un órgano de representación unitaria (representa la totalidad del personal) que no forma parte de la estructura interna de los Sindicatos.</p>
<p style="text-align: justify">Un claro ejemplo de esto lo constituye el hecho de que los miembros de la Junta pueden desempeñar su mandato sin necesidad de estar afiliados al Sindicato que los presenta en su lista.</p>
<p>La actual Junta de Pas, esta formada por 13 miembros elegidos en las elecciones sindicales que tienen lugar cada cuatro años.</p>
<p style="padding-left: 30px">Actualmente CC.OO. cuenta con 4 representantes:</p>
<p>&nbsp;</p>
<p style="padding-left: 30px"><a href="https://ccoo.umh.es/files/2012/05/junta_pas14.jpg"><img loading="lazy" class="aligncenter size-full wp-image-568" alt="junta_pas14" src="https://ccoo.umh.es/files/2012/05/junta_pas14.jpg" width="679" height="219" /></a></p>
<p></p>

<p>  <br />
Qué es la Junta de PAS?<br />
 Es el órgano de representación colectiva del Personal Funcionario de Administración y Servicios de la Universidad Miguel Hernández, cuyo principal objetivo es la defensa de los intereses sociolaborales de dicho personal.<br />
 Pese a sus conexiones y relaciones con las Secciones Sindicales, la Junta es un órgano de representación unitaria (representa la [&#8230;]</p>
